 what is -4009 - 1a5?
-4203
In base 4, what is 10 + -1321210?
-1321200
In base 4, what is 11 + 12112230333?
12112231010
In base 4, what is 101 - -230001302?
230002003
In base 6, what is -220511 - 13?
-220524
In base 9, what is -68783 + 54?
-68728
In base 6, what is -1 - 230011?
-230012
In base 6, what is -12444 + 55?
-12345
In base 3, what is -222010 + -111?
-222121
In base 6, what is 11043 + -504?
10135
In base 10, what is 19 - -11546?
11565
In base 2, what is -1101100101 + 1111110001?
10001100
In base 16, what is 553e + 18?
5556
In base 3, what is -11 + -11101010?
-11101021
In base 9, what is -5 - 503181?
-503186
In base 9, what is 10715 + -4?
10711
In base 12, what is -39b57 - 2?
-39b59
In base 12, what is 12 - -768b3?
76905
In base 12, what is -4 + -483b6?
-483ba
In base 13, what is -3 + -1a7a0a?
-1a7a10
In base 16, what is 2 + -3306f?
-3306d
In base 10, what is 44 - -1352?
1396
In base 6, what is 11055 - 1015?
10040
In base 16, what is 3 + 4ce9?
4cec
In base 6, what is 34200054 - 2?
34200052
In base 6, what is -15220 - 12?
-15232
In base 16, what is -6d - -34?
-39
In base 11, what is -2 - -7a4?
7a2
In base 5, what is -22430 + -14?
-22444
In base 11, what is 61387 + 20?
613a7
In base 16, what is 2f08 - 7?
2f01
In base 4, what is 31 - -1313022?
1313113
In base 16, what is fd65 - 6?
fd5f
In base 12, what is 3 - 582252?
-58224b
In base 16, what is -16ae9 - -1?
-16ae8
In base 3, what is -10 - -1202122011?
1202122001
In base 6, what is -340122 - 4?
-340130
In base 9, what is -368242 - 3?
-368245
In base 2, what is -110 + -1010010111111000?
-1010010111111110
In base 10, what is 4232 - 314?
3918
In base 15, what is -96 - -10?
-86
In base 10, what is 9 - -213493?
213502
In base 11, what is 8a0 + -119?
782
In base 10, what is -44181 + -21?
-44202
In base 14, what is 17 - -774?
78b
In base 3, what is -2000111102 + 1?
-2000111101
In base 7, what is -5 - 43362?
-43400
In base 6, what is -334501 - 2?
-334503
In base 13, what is 15b27c - 3?
15b279
In base 9, what is -1117351 + 3?
-1117347
In base 5, what is -132 - -123144?
123012
In base 7, what is -2223 - 26326?
-31552
In base 4, what is -31313110 + -1?
-31313111
In base 8, what is -5 + 3757610?
3757603
In base 11, what is 0 - 52a9?
-52a9
In base 9, what is -1425 - -30?
-1385
In base 5, what is 3 + 12124303?
12124311
In base 12, what is 2 + -11731?
-1172b
In base 12, what is 35051 - 30?
35021
In base 8, what is 11 + 34424?
34435
In base 6, what is 204432324 + 0?
204432324
In base 16, what is -14 + 1a07?
19f3
In base 11, what is -1182 - 68?
-123a
In base 2, what is 10000110011111 - 101?
10000110011010
In base 3, what is -2222201 + -20?
-2222221
In base 12, what is 63 - 129a?
-1237
In base 16, what is a6 + b26?
bcc
In base 8, what is 5 + 327566?
327573
In base 14, what is -1354 + -15?
-1369
In base 10, what is 52 + 574?
626
In base 9, what is 4201 - -141?
4342
In base 15, what is c1 + -102?
-31
In base 3, what is -122 - -110020222?
110020100
In base 4, what is 0 - 1103203?
-1103203
In base 2, what is 10001011011 - -100100?
10001111111
In base 12, what is -278 - 658?
-914
In base 16, what is 5 - 20ae2?
-20add
In base 11, what is 1409 - -3a9?
1807
In base 6, what is -205250 + -41?
-205331
In base 2, what is -1010100100001011110 + -10?
-1010100100001100000
In base 14, what is 272 + -47a?
-208
In base 9, what is 1513017 + 0?
1513017
In base 6, what is 4331104 + 0?
4331104
In base 10, what is -5 + 27765?
27760
In base 8, what is 26 - -3441?
3467
In base 11, what is 50386 - -9?
50394
In base 3, what is -200101200 - -12222?
-200011201
In base 3, what is 11 - 110212012011?
-110212012000
In base 5, what is 1433211 - -1?
1433212
In base 16, what is 41 - -ab?
ec
In base 3, what is -1120 - 102?
-1222
In base 4, what is 0 + 20333211?
20333211
In base 13, what is 41 - 30a?
-299
In base 7, what is 303 - 1230?
-624
In base 11, what is -4 + 279?
275
In base 6, what is 4524 + 333?
5301
In base 9, what is 3036 + -4?
3032
In base 16, what is -1 - 5cc?
-5cd
In base 7, what is 1432531 - 0?
1432531
In base 11, what is a9 + 87?
185
In base 16, what is dd + 1f4?
2d1
In base 9, what is -554 - 327?
-882
In base 16, what is 2 + 13b1?
13b3
In base 13, what is 393 + bc9?
128c
In base 15, what is -638 - c5?
-70d
In base 5, what is -1030131 + 22?
-1030104
In base 10, what is -34284 + 5?
-34279
In base 13, what is -1788 - 2?
-178a
In base 12, what is 51b + -139?
3a2
In base 12, what is -9 - -77070?
77063
In base 13, what is -5 - -1322b7?
1322b2
In base 9, what is -42341 + 12?
-42328
In base 11, what is 1291aa + 0?
1291aa
In base 7, what is 16023 + -12?
16011
In base 5, what is 10 - 40021221?
-40021211
In base 6, what is 254324 - 14?
254310
In base 15, what is cc + 37e?
45b
In base 7, what is -54144 + 4?
-54140
In base 7, what is -5 - 11250?
-11255
In base 9, what is 3 - -1322513?
1322516
In base 8, what is 125 + 1065?
1212
In base 2, what is 100 + 1001010000111011?
1001010000111111
In base 8, what is 565577 + -3?
565574
In base 14, what is 9d95 - 2?
9d93
In base 7, what is 1140262 + -2?
1140260
In base 4, what is 13222303100 - 3?
13222303031
In base 16, what is 204 + -736?
-532
In base 6, what is -104220 - -43?
-104133
In base 3, what is 102021 + 2001?
111022
In base 7, what is 105133 - 3?
105130
In base 14, what is 3 + -a0d1?
-a0cc
In base 12, what is 4 - -a891?
a895
In base 13, what is -6790a - 5?
-67912
In base 4, what is 1212 - 230120?
-222302
In base 8, what is 144 - -65?
231
In base 4, what is -1 - -20131210?
20131203
In base 13, what is 161c + b?
162a
In base 2, what is -100111100101110 + -10?
-100111100110000
In base 7, what is -2 - 211561?
-211563
In base 6, what is -1004425 + -3?
-1004432
In base 12, what is 2599 - 19?
2580
In base 7, what is -5 + -1613365?
-1613403
In base 5, what is -103421 - 4?
-103430
In base 7, what is 20446 + -11?
20435
In base 7, what is -503660 + -5?
-503665
In base 14, what is -1448 - 108?
-1552
In base 9, what is -63736 + 23?
-63713
In base 7, what is 100325 + -2?
100323
In base 8, what is 13424 + -2?
13422
In base 15, what is 34c + -20?
32c
In base 11, what is 7191 - -4?
7195
In base 4, what is 12302 - -20221?
33123
In base 11, what is -894887 + 4?
-894883
In base 5, what is 2044 + 42443?
100042
In base 13, what is 40 - 116?
-a6
In base 13, what is c04b8 - -6?
c04c1
In base 3, what is 1111220210 + -1?
1111220202
In base 5, what is -40144 - -2144?
-33000
In base 2, what is 11100110 + 110011011?
1010000001
In base 13, what is -17a38 - -1?
-17a37
In base 15, what is 3 - 6145a?
-61457
In base 2, what is 10 + -11001110110110101010?
-11001110110110101000
In base 14, what is -2885 + 9?
-287a
In base 4, what is -101301212 + 301?
-101300311
In base 12, what is -a02 + -2ba?
-1100
In base 6, what is -10 + 105112?
105102
In base 9, what is 12687 + -5?
12682
In base 16, what is 3 + f9cb?
f9ce
In base 15, what is d25 + 8?
d2d
In base 15, what is 10 + 16374?
16384
In base 8, what is -614543 + -1?
-614544
In base 11, what is -1 + 31022?
31021
In base 11, what is 6 + -3788?
-3782
In base 8, what is 31505 - 0?
31505
In base 8, what is 41241131 + 3?
41241134
In base 9, what is 5518 + -13?
5505
In base 11, what is 4 + 33968?
33971
In base 8, what is -11 - 43705?
-43716
In base 7, what is 4 - 4251364?
-4251360
In base 5, what is 2 - -3044?
3101
In base 15, what is -85a + 5?
-855
In base 12, what is 223416 - -5?
22341b
In base 2, what is 100 + -101001110011000011?
-101001110010111111
In base 4, what is -1 - 2302011312?
-2302011313
In base 5, what is -2 + 112400?
112343
In base 3, what is 2022221 + -2202110?
-102112
In base 4, what is 0 + -122101112?
-122101112
In base 14, what is 3 + 10b20?
10b23
In base 16, what is 3cee + -ea?
3c04
In base 4, what is -202030 + -2303?
-210333
In base 7, what is -6242 + -620?
-10162
In base 12, what is -b97 + -751?
-1728
In base 3, what is 2 - -222220100?
222220102
In base 8, what is 2057 + 1172?
3251
In base 2, what is -101 - 1000010101110?
-1000010110011
In base 12, what is 3 - -8b342?
8b345
In base 15, what is -14b4d + 2?
-14b4b
In base 9, what is 36803 - -3?
36806
In base 9, what is -7 + 550?
542
In base 8, what is 4402 + 31?
4433
In base 8, what is 6042 + -1?
6041
In base 13, what is -26224 - 7?
-2622b
In base 7, what is 610 + 131?
1041
In base 3, what is -12 - -222021210?
22202